{"id":162,"date":"2025-07-18T17:55:05","date_gmt":"2025-07-18T15:55:05","guid":{"rendered":"https:\/\/edukacije.com.hr\/?page_id=162"},"modified":"2025-08-24T23:36:19","modified_gmt":"2025-08-24T21:36:19","slug":"suradnja","status":"publish","type":"page","link":"https:\/\/edukacije.com.hr\/?page_id=162","title":{"rendered":"Dijeli svoje znanje i oblikuj zajednicu!"},"content":{"rendered":"\n<p>Pozivamo sve u\u010ditelje, nastavnike i stru\u010dnjake iz razli\u010ditih podru\u010dja obrazovanja da se uklju\u010de u oblikovanje online te\u010dajeva na platformi Centra za digitalno u\u010denje i usavr\u0161avanje (CDUU).<\/p>\n\n\n\n<!--more-->\n\n\n\n<p>\ud83d\udca1 Ima\u0161 znanje koje \u017eeli\u0161 podijeliti?<br>\ud83d\udcda Postani autor online te\u010daja na platformi CDUU!<br>\u2705 Pomozi kolegama, razvijaj se stru\u010dno i stekni priznanje.<br>\ud83c\udf93 Mi ti nudimo podr\u0161ku i certifikate za polaznike.<\/p>\n\n\n\n<p>Oblikovanje i vo\u0111enje vlastitog te\u010daja nije samo prilika da podijelite znanje i iskustvo \u2013 to je i korak prema osobnom i stru\u010dnom razvoju. Kroz proces kreiranja te\u010daja:<\/p>\n\n\n\n<ul class=\"wp-block-list\">\n<li>ja\u010date vlastitu vidljivost i stru\u010dni autoritet u podru\u010dju kojim se bavite,<\/li>\n\n\n\n<li>poma\u017eete kolegama u svakodnevnom radu i usavr\u0161avanju,<\/li>\n\n\n\n<li>aktivno sudjelujete u razvoju stru\u010dne zajednice,<\/li>\n\n\n\n<li>doprinosite razvoju kvalitetne ponude cjelo\u017eivotnog obrazovanja,<\/li>\n\n\n\n<li>imate mogu\u0107nost stjecanja potvrde o odr\u017eanom te\u010daju koju mo\u017eete koristiti za napredovanje i profesionalno priznanje.<\/li>\n<\/ul>\n\n\n\n<div class=\"wp-block-group is-nowrap is-layout-flex wp-container-core-group-is-layout-6c531013 wp-block-group-is-layout-flex\">\n<p>\ud83c\udfaf CDUU vam pru\u017ea tehni\u010dku podr\u0161ku, savjetovanje pri izradi materijala (osnovni tekst, testovi i kvizovi, certifikati). <\/p>\n\n\n\n<p>\ud83c\udfaf Mi se ne mije\u0161amo u va\u0161 sadr\u017eaj, ali savjetujemo i poma\u017eemo oko izvedbe. <\/p>\n<\/div>\n\n\n\n<p>Te\u010dajevi mogu biti sinkroni, asinkroni ili u kombiniranom obliku, ovisno o va\u0161im preferencijama i ciljevima.<\/p>\n\n\n\n<div class=\"wp-block-columns is-layout-flex wp-container-core-columns-is-layout-28f84493 wp-block-columns-is-layout-flex\">\n<div class=\"wp-block-column is-layout-flow wp-block-column-is-layout-flow\">\n<p>Ako imate ideju, znanje i \u017eelju podu\u010davati druge \u2013 javite nam se i oblikujmo zajedno obrazovanje budu\u0107nosti!<\/p>\n<\/div>\n\n\n\n<div class=\"wp-block-column is-layout-flow wp-block-column-is-layout-flow\">\n<h3 class=\"wp-block-heading\">Isprobajte i saznajte detalje<\/h3>\n\n\n\n<p>Detalje o suradnji i kako funkcionira CDUU doznajte kroz <strong>besplatni <\/strong>te\u010daj.<\/p>\n\n\n\n<div class=\"wp-block-buttons is-layout-flex wp-block-buttons-is-layout-flex\">\n<div class=\"wp-block-button\"><a class=\"wp-block-button__link wp-element-button\" href=\"https:\/\/edukacije.com.hr\/?course=postani-edukator-na-platformi-cduu\">Kreni \u2192<\/a><\/div>\n<\/div>\n<\/div>\n<\/div>\n\n\n\n<div style=\"height:100px\" aria-hidden=\"true\" class=\"wp-block-spacer\"><\/div>\n","protected":false},"excerpt":{"rendered":"<p>Pozivamo sve u\u010ditelje, nastavnike i stru\u010dnjake iz razli\u010ditih podru\u010dja obrazovanja da se uklju\u010de u oblikovanje online te\u010dajeva na platformi Centra za digitalno u\u010denje i usavr\u0161avanje (CDUU).<\/p>\n","protected":false},"author":1,"featured_media":178,"parent":0,"menu_order":0,"comment_status":"closed","ping_status":"closed","template":"","meta":{"_EventAllDay":false,"_EventTimezone":"","_EventStartDate":"","_EventEndDate":"","_EventStartDateUTC":"","_EventEndDateUTC":"","_EventShowMap":false,"_EventShowMapLink":false,"_EventURL":"","_EventCost":"","_EventCostDescription":"","_EventCurrencySymbol":"","_EventCurrencyCode":"","_EventCurrencyPosition":"","_EventDateTimeSeparator":"","_EventTimeRangeSeparator":"","_EventOrganizerID":[],"_EventVenueID":[],"_OrganizerEmail":"","_OrganizerPhone":"","_OrganizerWebsite":"","_VenueAddress":"","_VenueCity":"","_VenueCountry":"","_VenueProvince":"","_VenueState":"","_VenueZip":"","_VenuePhone":"","_VenueURL":"","_VenueStateProvince":"","_VenueLat":"","_VenueLng":"","_VenueShowMap":false,"_VenueShowMapLink":false,"footnotes":""},"class_list":["post-162","page","type-page","status-publish","has-post-thumbnail","hentry"],"aioseo_notices":[],"_links":{"self":[{"href":"https:\/\/edukacije.com.hr\/index.php?rest_route=\/wp\/v2\/pages\/162","targetHints":{"allow":["GET"]}}],"collection":[{"href":"https:\/\/edukacije.com.hr\/index.php?rest_route=\/wp\/v2\/pages"}],"about":[{"href":"https:\/\/edukacije.com.hr\/index.php?rest_route=\/wp\/v2\/types\/page"}],"author":[{"embeddable":true,"href":"https:\/\/edukacije.com.hr\/index.php?rest_route=\/wp\/v2\/users\/1"}],"replies":[{"embeddable":true,"href":"https:\/\/edukacije.com.hr\/index.php?rest_route=%2Fwp%2Fv2%2Fcomments&post=162"}],"version-history":[{"count":8,"href":"https:\/\/edukacije.com.hr\/index.php?rest_route=\/wp\/v2\/pages\/162\/revisions"}],"predecessor-version":[{"id":2406,"href":"https:\/\/edukacije.com.hr\/index.php?rest_route=\/wp\/v2\/pages\/162\/revisions\/2406"}],"wp:featuredmedia":[{"embeddable":true,"href":"https:\/\/edukacije.com.hr\/index.php?rest_route=\/wp\/v2\/media\/178"}],"wp:attachment":[{"href":"https:\/\/edukacije.com.hr\/index.php?rest_route=%2Fwp%2Fv2%2Fmedia&parent=162"}],"curies":[{"name":"wp","href":"https:\/\/api.w.org\/{rel}","templated":true}]}}