{"id":19,"date":"2025-02-19T13:50:44","date_gmt":"2025-02-19T13:50:44","guid":{"rendered":"https:\/\/edukacije.com.hr\/purchase\/"},"modified":"2025-08-12T07:19:04","modified_gmt":"2025-08-12T05:19:04","slug":"purchase","status":"publish","type":"page","link":"https:\/\/edukacije.com.hr\/?page_id=19","title":{"rendered":"Kupnja"},"content":{"rendered":"\n<p><\/p>\n\n\n\n<div class=\"wp-block-columns is-layout-flex wp-container-core-columns-is-layout-28f84493 wp-block-columns-is-layout-flex\">\n<div class=\"wp-block-column is-layout-flow wp-block-column-is-layout-flow\">\n<p>Stranica je optimizirana za hrvatske korisnike koji pla\u0107aju putem <strong><em>online <\/em>bankarstva ili uplatom na klasi\u010dnim uplatnim mjestima<\/strong> (banka, FINA, po\u0161ta, itd.).<\/p>\n<\/div>\n\n\n\n<div class=\"wp-block-column is-layout-flow wp-block-column-is-layout-flow\">\n<p>Nakon prijave na te\u010daj <strong>\u0161aljemo vam ra\u010dun na va\u0161u e-mail adresu<\/strong>. Skeniranjem QR koda ili unosom podataka pla\u0107ate te\u010daj ili \u010dlanarinu.<\/p>\n<\/div>\n<\/div>\n\n\n\n<p>\ud83d\udcb3 Naravno mo\u017eete iskoristiti i mogu\u0107nost pla\u0107anja karticama. U tom slu\u010daju ra\u010dun vam automatski sti\u017ee na e-mail odmah po pla\u0107anju.<\/p>\n\n\n\n<hr class=\"wp-block-separator has-text-color has-error-color has-alpha-channel-opacity has-error-background-color has-background is-style-dots\"\/>\n\n\n<div class=\"lifterlms\"><div class=\"llms-checkout-wrapper\">Your cart is currently empty. Click <a href=\"https:\/\/edukacije.com.hr\/?page_id=17\">here<\/a> to get started.<\/div><!-- .llms-checkout-wrapper --><\/div>\n\n\n<div style=\"height:100px\" aria-hidden=\"true\" class=\"wp-block-spacer\"><\/div>\n","protected":false},"excerpt":{"rendered":"<p>Stranica je optimizirana za hrvatske korisnike koji pla\u0107aju putem online bankarstva ili uplatom na klasi\u010dnim uplatnim mjestima (banka, FINA, po\u0161ta, itd.). Nakon prijave na te\u010daj \u0161aljemo vam ra\u010dun na va\u0161u [&hellip;]<\/p>\n","protected":false},"author":1,"featured_media":0,"parent":0,"menu_order":0,"comment_status":"closed","ping_status":"closed","template":"","meta":{"_EventAllDay":false,"_EventTimezone":"","_EventStartDate":"","_EventEndDate":"","_EventStartDateUTC":"","_EventEndDateUTC":"","_EventShowMap":false,"_EventShowMapLink":false,"_EventURL":"","_EventCost":"","_EventCostDescription":"","_EventCurrencySymbol":"","_EventCurrencyCode":"","_EventCurrencyPosition":"","_EventDateTimeSeparator":"","_EventTimeRangeSeparator":"","_EventOrganizerID":[],"_EventVenueID":[],"_OrganizerEmail":"","_OrganizerPhone":"","_OrganizerWebsite":"","_VenueAddress":"","_VenueCity":"","_VenueCountry":"","_VenueProvince":"","_VenueState":"","_VenueZip":"","_VenuePhone":"","_VenueURL":"","_VenueStateProvince":"","_VenueLat":"","_VenueLng":"","_VenueShowMap":false,"_VenueShowMapLink":false,"footnotes":""},"class_list":["post-19","page","type-page","status-publish","hentry"],"aioseo_notices":[],"_links":{"self":[{"href":"https:\/\/edukacije.com.hr\/index.php?rest_route=\/wp\/v2\/pages\/19","targetHints":{"allow":["GET"]}}],"collection":[{"href":"https:\/\/edukacije.com.hr\/index.php?rest_route=\/wp\/v2\/pages"}],"about":[{"href":"https:\/\/edukacije.com.hr\/index.php?rest_route=\/wp\/v2\/types\/page"}],"author":[{"embeddable":true,"href":"https:\/\/edukacije.com.hr\/index.php?rest_route=\/wp\/v2\/users\/1"}],"replies":[{"embeddable":true,"href":"https:\/\/edukacije.com.hr\/index.php?rest_route=%2Fwp%2Fv2%2Fcomments&post=19"}],"version-history":[{"count":9,"href":"https:\/\/edukacije.com.hr\/index.php?rest_route=\/wp\/v2\/pages\/19\/revisions"}],"predecessor-version":[{"id":1722,"href":"https:\/\/edukacije.com.hr\/index.php?rest_route=\/wp\/v2\/pages\/19\/revisions\/1722"}],"wp:attachment":[{"href":"https:\/\/edukacije.com.hr\/index.php?rest_route=%2Fwp%2Fv2%2Fmedia&parent=19"}],"curies":[{"name":"wp","href":"https:\/\/api.w.org\/{rel}","templated":true}]}}